{"id":10,"date":"2018-06-11T13:11:52","date_gmt":"2018-06-11T13:11:52","guid":{"rendered":"http:\/\/koerner-architekten.de\/?page_id=10"},"modified":"2024-02-02T09:36:54","modified_gmt":"2024-02-02T09:36:54","slug":"philosophi","status":"publish","type":"page","link":"https:\/\/koerner-architekten.de\/?page_id=10","title":{"rendered":"Philosophie"},"content":{"rendered":"\n<p class=\"has-white-background-color has-background wp-block-paragraph\"><strong>PHILOSOPHIE\u00a0f\u00fcr\u00a0\u00f6ffentliche Bauherren<\/strong><\/p>\n\n\n\n<p class=\"wp-block-paragraph\">Ihre Kommune, Stadt oder Gemeinde positioniert sich mit der <strong><em>Realisierung von energetisch effizienten Kommunalgeb\u00e4uden <\/em><\/strong>wie\u00a0 z.B. <strong><em>Kinderg\u00e4rten und Schulen <\/em><\/strong>&#8211; in der <strong><em>Sanierung<\/em><\/strong> wie auch im\u00a0 <strong><em>Neubau<\/em><\/strong> &#8211; <strong><em>als zukunftsweisende Kommune<\/em><\/strong>.<\/p>\n\n\n\n<p class=\"wp-block-paragraph\">Energetisch effizient funktionierende Kommunale Geb\u00e4ude haben eine Vorbildfunktion f\u00fcr private oder gewerbliche Bauma\u00dfnahmen Ihrer Kommune, reduzieren nachhaltig den CO2-Aussto\u00df und tragen zu einer&nbsp; positiven Energiebilanz bei.<\/p>\n\n\n\n<p class=\"wp-block-paragraph\">Dies Ma\u00dfnahmen f\u00fchren im Betrieb der Geb\u00e4ude zu sp\u00fcrbaren\nfinanziellen Entlastung en des Haushaltes.<\/p>\n\n\n\n<p class=\"has-luminous-vivid-amber-color has-text-color has-link-color wp-elements-ea756115887ffc3b1155ec8ac14cd20f wp-block-paragraph\"><strong>NACHHALTIG.<\/strong><\/p>\n\n\n\n<p class=\"wp-block-paragraph\">Sie erhalten f\u00fcr die kommunalen Geb\u00e4ude Ihrer Stadt oder\nGemeinde ein <strong><em>ganzheitliches, langfristiges Konzept von der Raumplanung\nbis hin zur Energetischen Konzeption.<\/em><\/strong> Sei es die energetische\nSanierung, der Umbau oder auch der Neubau von z.B. Gemeindeh\u00e4usern,\nKinderg\u00e4rten und Schulen &#8211; die Geb\u00e4ude erhalten somit einen <strong><em>Mehrwert: <\/em><\/strong>Aufgrund\nder energieeffizienten Ausrichtung und der langlebigen Materialien werden\nBetriebskosten nachweisbar eingespart.<\/p>\n\n\n\n<p class=\"has-luminous-vivid-amber-color has-text-color has-link-color wp-elements-36d54b4d39a83c810bc050ec5cade762 wp-block-paragraph\"><strong>KOSTENBEWUSST.<\/strong><\/p>\n\n\n\n<p class=\"wp-block-paragraph\">Wir planen f\u00fcr Ihre Kommune realistische, funktionale und\nmachbare L\u00f6sungen in Abstimmung mit der Energetischen Ausrichtung des Geb\u00e4udes.\n<strong><em>Der kostenbewusste Ansatz <\/em><\/strong>geht von einem funktionalen,\nrationellen, energieeffizienten Konzept bis hin zu einer qualit\u00e4tsvollen und\nkonsequent kostenbewussten Bauausf\u00fchrung.<\/p>\n\n\n\n<p class=\"has-luminous-vivid-amber-color has-text-color has-link-color wp-elements-9993744328bc36bc71289b82ad046129 wp-block-paragraph\"><strong>WERTBEST\u00c4NDIG.<\/strong><\/p>\n\n\n\n<p class=\"wp-block-paragraph\">Eine qualit\u00e4tsvolle, energieeffiziente Planung und Ausf\u00fchrung Ihres kommunalen Bauvorhabens &#8211; <strong><em>von der&nbsp; soliden Konstruktion und Langlebigkeit der Materialien \u00fcber die moderne Geb\u00e4udetechnik bis hin zur optimalen Innenraumplanung <\/em><\/strong>&#8211; <strong><em>schafft einen Wert <\/em><\/strong>\u00fcber den gesamten&nbsp; Lebenszyklus des Geb\u00e4udes hinweg. Gleichzeitig kommt ein wichtiger \u201eSoft Fact\u201c bei der Immobilienbewertung hinzu: Die Kommunalen Bauten erfahren eine erh\u00f6hte Akzeptanz&nbsp; bei den B\u00fcrgern, da sich die Menschen sich in Ihrem neuen Geb\u00e4ude wohlf\u00fchlen. Die oft hohen Unterhalts- und Reparaturkosten reduzieren sich.<\/p>\n\n\n\n<div class=\"wp-block-columns is-layout-flex wp-container-core-columns-is-layout-8f761849 wp-block-columns-is-layout-flex\">\n<div class=\"wp-block-column is-vertically-aligned-stretch has-luminous-vivid-amber-background-color has-background is-layout-flow wp-block-column-is-layout-flow\">\n<p class=\"wp-block-paragraph\"><\/p>\n<\/div>\n<\/div>\n\n\n\n<p class=\"wp-block-paragraph\"><strong>PHILOSOPHIE\u00a0f\u00fcr\u00a0private Bauherren<\/strong><\/p>\n\n\n\n<p class=\"wp-block-paragraph\">Im Dialog mit unseren Bauherren entwickeln wir\nganzheitliche, langfristige Konzepte von der Architektur \u00fcber die\nInnenarchitektur bis hin zur energetischen Konzeption. Es entstehen so R\u00e4ume,\nin denen sich unsere Bauherren wohlf\u00fchlen. <\/p>\n\n\n\n<p class=\"wp-block-paragraph\">Unser Qualit\u00e4tsanspruch hat drei Dimensionen:<\/p>\n\n\n\n<p class=\"has-luminous-vivid-amber-color has-text-color has-link-color wp-elements-b2b5d7f7ee2a7bd3d95caa08fbc63024 wp-block-paragraph\"><strong>WERTBEST\u00c4NDIG<\/strong><\/p>\n\n\n\n<p class=\"wp-block-paragraph\">Eine qualit\u00e4tsvolle Planung und Ausf\u00fchrung Ihres\nBauvorhabens &#8211; von der soliden Konstruktion \u00fcber die moderne Geb\u00e4udetechnik bis\nhin zu dem Ambiente des Innenraumes &#8211; schafft einen Wert \u00fcber den gesamten\nLebenszyklus des Geb\u00e4udes hinweg. Ihr Geb\u00e4ude wird sich als ein wertsteigerndes\nObjekt \u00fcber Generationen hinweg entwickeln. Mit unserer lang\u00e4hrigen Erfahrung\nund unserem Know-How garantieren wir Ihnen h\u00f6chste Qualit\u00e4tsstandards.<\/p>\n\n\n\n<p class=\"has-luminous-vivid-amber-color has-text-color has-link-color wp-elements-80947fdc539de49f1203657fa8e536fc wp-block-paragraph\"><strong>KOSTENBEWUSST<\/strong><\/p>\n\n\n\n<p class=\"wp-block-paragraph\">Wir planen f\u00fcr unsere Bauherren realistische, funktionale\nund machbare L\u00f6sungen. Der kostenbewusste Ansatz beginnt bereits bei einem\nfunktionalen, rationellen Entwurf und geht \u00fcber kostenvergleichende\nHandwerkerangebote zu einer qualit\u00e4tvollen und konsequent kosteng\u00fcnstigen\nBauausf\u00fchrung.<\/p>\n\n\n\n<p class=\"has-luminous-vivid-amber-color has-text-color has-link-color wp-elements-a34d95b8a8145d4a19ac671b440d0b07 wp-block-paragraph\"><strong>INDIVIDUELL<\/strong><\/p>\n\n\n\n<p class=\"wp-block-paragraph\">Jedes von uns realisierte Bauwerk erh\u00e4lt einen\nunverwechselbaren architektonischen Charakter. Die individuelle Note bestimmt\ndie Architektur Ihres Geb\u00e4udes bis hin zu einem darauf abgestimmten Interior\nDesign mit harmonischer Material-, Farb-, und Mobiliarwahl.&nbsp;&nbsp;&nbsp;&nbsp;&nbsp;&nbsp;&nbsp;&nbsp;&nbsp;&nbsp;&nbsp;&nbsp;&nbsp; &nbsp;&nbsp;&nbsp;&nbsp;&nbsp;&nbsp;&nbsp;&nbsp;&nbsp;&nbsp;&nbsp;&nbsp;&nbsp;&nbsp;&nbsp;&nbsp;&nbsp;&nbsp;&nbsp;&nbsp;&nbsp;&nbsp;&nbsp;&nbsp;&nbsp;&nbsp;&nbsp;&nbsp;&nbsp;&nbsp;&nbsp;&nbsp;&nbsp;&nbsp;&nbsp;&nbsp;&nbsp;&nbsp;&nbsp;&nbsp;&nbsp;&nbsp;&nbsp;&nbsp;&nbsp;&nbsp;&nbsp;&nbsp;&nbsp;&nbsp;&nbsp;&nbsp;Wir\nplanen ein auf die individuellen Bed\u00fcrfnisse unserer Bauherren abgestimmtes\nGeb\u00e4ude, indem wir im engen Dialog mit Ihnen eine optimale L\u00f6sung f\u00fcr Ihre\nImmobilie entwickeln. <\/p>\n\n\n\n<div class=\"wp-block-columns is-layout-flex wp-container-core-columns-is-layout-8f761849 wp-block-columns-is-layout-flex\"><\/div>\n","protected":false},"excerpt":{"rendered":"<p>PHILOSOPHIE\u00a0f\u00fcr\u00a0\u00f6ffentliche Bauherren Ihre Kommune, Stadt oder Gemeinde positioniert sich mit der Realisierung von energetisch effizienten Kommunalgeb\u00e4uden wie\u00a0 z.B. Kinderg\u00e4rten und Schulen &#8211; in der Sanierung wie auch im\u00a0 Neubau &#8211; als zukunftsweisende Kommune. Energetisch effizient funktionierende Kommunale Geb\u00e4ude haben eine Vorbildfunktion f\u00fcr private oder gewerbliche Bauma\u00dfnahmen Ihrer Kommune, reduzieren nachhaltig den CO2-Aussto\u00df und tragen zu &hellip; <\/p>\n<p class=\"link-more\"><a href=\"https:\/\/koerner-architekten.de\/?page_id=10\" class=\"more-link\"><span class=\"screen-reader-text\">\u201ePhilosophie\u201c <\/span>weiterlesen<\/a><\/p>\n","protected":false},"author":1,"featured_media":0,"parent":0,"menu_order":0,"comment_status":"closed","ping_status":"closed","template":"","meta":{"_crdt_document":"","ngg_post_thumbnail":0,"footnotes":""},"class_list":["post-10","page","type-page","status-publish","hentry"],"_links":{"self":[{"href":"https:\/\/koerner-architekten.de\/index.php?rest_route=\/wp\/v2\/pages\/10","targetHints":{"allow":["GET"]}}],"collection":[{"href":"https:\/\/koerner-architekten.de\/index.php?rest_route=\/wp\/v2\/pages"}],"about":[{"href":"https:\/\/koerner-architekten.de\/index.php?rest_route=\/wp\/v2\/types\/page"}],"author":[{"embeddable":true,"href":"https:\/\/koerner-architekten.de\/index.php?rest_route=\/wp\/v2\/users\/1"}],"replies":[{"embeddable":true,"href":"https:\/\/koerner-architekten.de\/index.php?rest_route=%2Fwp%2Fv2%2Fcomments&post=10"}],"version-history":[{"count":6,"href":"https:\/\/koerner-architekten.de\/index.php?rest_route=\/wp\/v2\/pages\/10\/revisions"}],"predecessor-version":[{"id":1777,"href":"https:\/\/koerner-architekten.de\/index.php?rest_route=\/wp\/v2\/pages\/10\/revisions\/1777"}],"wp:attachment":[{"href":"https:\/\/koerner-architekten.de\/index.php?rest_route=%2Fwp%2Fv2%2Fmedia&parent=10"}],"curies":[{"name":"wp","href":"https:\/\/api.w.org\/{rel}","templated":true}]}}