{"id":2,"date":"2016-05-10T03:48:21","date_gmt":"2016-05-10T03:48:21","guid":{"rendered":"http:\/\/koerner-architekten.de\/?page_id=2"},"modified":"2025-12-08T15:18:37","modified_gmt":"2025-12-08T15:18:37","slug":"sample-page","status":"publish","type":"page","link":"https:\/\/koerner-architekten.de\/","title":{"rendered":"K\u00f6rner Architekturb\u00fcro, A &amp; I PartG mbB"},"content":{"rendered":"\n<h1 class=\"wp-block-heading\"><\/h1>\n\n\n\n<h2 class=\"wp-block-heading has-text-align-left\"><\/h2>\n\n\n<p><strong>Wertbest\u00e4ndig, kostenbewusst und individuell geplante Bauten f\u00fcr den Privaten, \u00d6ffentlichen und Gewerblichen Bauherren \u2013 Ein Wert \u00fcber den gesamten Geb\u00e4udezyklus hinweg.<\/strong><\/p>\n<p>Wir verstehen den Beruf des Architekten als Dienstleister, Berater und Treuh\u00e4nder des Bauherrn.<\/p>\n<p>Im Dialog mit unseren Kunden entwickeln wir nachhaltige Konzepte f\u00fcr ihre Immobilien: Von der Architektur \u00fcber die Innenarchitektur, einer energetischen Konzeption bis hin zur Ausf\u00fchrung auf der Baustelle. Es entstehen R\u00e4ume, in denen sich unsere Bauherren wohlf\u00fchlen k\u00f6nnen.<\/p>\n<p>Unser Qualit\u00e4tsanspruch hat drei Dimensionen:<\/p>\n<p><strong>&nbsp;<\/strong><strong>WERTBEST\u00c4NDIG.<\/strong><\/p>\n<p><img loading=\"lazy\" decoding=\"async\" class=\" wp-image-1788 alignleft\" src=\"http:\/\/koerner-architekten.de\/wp-content\/uploads\/2024\/04\/wertbestaendig.jpg\" alt=\"\" width=\"138\" height=\"92\">Eine qualit\u00e4tsvolle Planung und Ausf\u00fchrung Ihres Bauvorhabens &#8211; von der soliden Konstruktion \u00fcber die moderne Geb\u00e4udetechnik bis hin zu dem Ambiente des Innenraumes \u2013 schafft einen objektiven, sichtbaren Wert. Die Immobilien unserer Bauherren im privaten, \u00f6ffentlichen wie auch gewerblichen Bereich werden sich wertsteigernd \u00fcber den gesamten Lebenszyklus des Geb\u00e4udes hinweg entwickeln.<\/p>\n<p>Gleichzeitig kommt ein wichtiger \u201eSoft Fact\u201c bei der Immobilienbewertung von fremdgenutzten Geb\u00e4uden hinzu:<\/p>\n<p>Wenn diese Immobilien nachhaltig und wertbest\u00e4ndig konzipiert werden, f\u00fchlen sich die Menschen in den R\u00e4umen wohl. Die Identifikation und Akzeptanz der Menschen mit \u201eIhrem Geb\u00e4ude\u201c steigt. Somit reduzieren sich Unterhalts- und Reparaturkosten merklich.<\/p>\n<p>&nbsp;<\/p>\n<p><em>&nbsp;<\/em><strong>KOSTENBEWUSST.<\/strong><\/p>\n<p><img loading=\"lazy\" decoding=\"async\" class=\" wp-image-1787 alignleft\" src=\"http:\/\/koerner-architekten.de\/wp-content\/uploads\/2024\/04\/kostenbewusst.jpg\" alt=\"\" width=\"138\" height=\"147\" srcset=\"https:\/\/koerner-architekten.de\/wp-content\/uploads\/2024\/04\/kostenbewusst.jpg 296w, https:\/\/koerner-architekten.de\/wp-content\/uploads\/2024\/04\/kostenbewusst-282x300.jpg 282w\" sizes=\"auto, (max-width: 138px) 100vw, 138px\" \/>Wir planen machbare L\u00f6sungen f\u00fcr Ihr Geb\u00e4ude.<\/p>\n<p>Der kostenbewusste Ansatz geht von einem funktionalen, rationellen sowie energieeffizienten Konzept bis hin zu einer qualit\u00e4tsvollen und konsequent kostenbewussten Bauausf\u00fchrung.<\/p>\n<p>Die langfristige Betrachtung in der Planung und Realisierung der Geb\u00e4ude f\u00fchrt zu einem Mehrwert f\u00fcr Ihre Immobilie: Aufgrund der nachhaltigen Planung, der energieeffizienten Ausrichtung und dem Einsatz langlebiger Materialien werden Betriebskosten nachweisbar eingespart.<\/p>\n<p>&nbsp;<\/p>\n<p><strong>&nbsp;<\/strong><strong>INDIVIDUELL.<\/strong><\/p>\n<p><img loading=\"lazy\" decoding=\"async\" class=\"alignleft wp-image-1786\" src=\"http:\/\/koerner-architekten.de\/wp-content\/uploads\/2024\/04\/individuell.jpg\" alt=\"\" width=\"133\" height=\"166\"><\/p>\n<p>Jedes von uns realisierte Bauwerk erh\u00e4lt einen unverwechselbaren architektonischen Charakter. Die individuelle Note bestimmt die Architektur Ihres Geb\u00e4udes bis hin zu einem darauf abgestimmten Interieur Design mit einer aufeinander abgestimmten Material- und Farbwahl.<\/p>\n<p>Die Planung der Geb\u00e4ude ist auf die individuellen Bed\u00fcrfnisse unserer Bauherren abgestimmt. So entwickeln wir im engen Dialog mit Ihnen eine ma\u00dfgeschneiderte L\u00f6sung f\u00fcr Ihre W\u00fcnsche und Anspr\u00fcche.<\/p>\n<p style=\"text-align: left;\">Alle Projekte unseres B\u00fcros sind f\u00fcr unsere Bauherren zur Qualit\u00e4tssicherung nach den 3 Leitmotiven geplant und umgesetzt worden.<\/p>\n<p>Prof. Dr.-Ing. Michael K\u00f6rner<\/p>","protected":false},"excerpt":{"rendered":"<p>Wertbest\u00e4ndig, kostenbewusst und individuell geplante Bauten f\u00fcr den Privaten, \u00d6ffentlichen und Gewerblichen Bauherren \u2013 Ein Wert \u00fcber den gesamten Geb\u00e4udezyklus hinweg. Wir verstehen den Beruf des Architekten als Dienstleister, Berater und Treuh\u00e4nder des Bauherrn. Im Dialog mit unseren Kunden entwickeln wir nachhaltige Konzepte f\u00fcr ihre Immobilien: Von der Architektur \u00fcber die Innenarchitektur, einer energetischen Konzeption &hellip; <\/p>\n<p class=\"link-more\"><a href=\"https:\/\/koerner-architekten.de\/\" class=\"more-link\"><span class=\"screen-reader-text\">\u201eK\u00f6rner Architekturb\u00fcro, A &amp; I PartG mbB\u201c <\/span>weiterlesen<\/a><\/p>\n","protected":false},"author":1,"featured_media":2185,"parent":0,"menu_order":0,"comment_status":"closed","ping_status":"open","template":"","meta":{"_crdt_document":"","ngg_post_thumbnail":844,"footnotes":""},"class_list":["post-2","page","type-page","status-publish","has-post-thumbnail","hentry"],"_links":{"self":[{"href":"https:\/\/koerner-architekten.de\/index.php?rest_route=\/wp\/v2\/pages\/2","targetHints":{"allow":["GET"]}}],"collection":[{"href":"https:\/\/koerner-architekten.de\/index.php?rest_route=\/wp\/v2\/pages"}],"about":[{"href":"https:\/\/koerner-architekten.de\/index.php?rest_route=\/wp\/v2\/types\/page"}],"author":[{"embeddable":true,"href":"https:\/\/koerner-architekten.de\/index.php?rest_route=\/wp\/v2\/users\/1"}],"replies":[{"embeddable":true,"href":"https:\/\/koerner-architekten.de\/index.php?rest_route=%2Fwp%2Fv2%2Fcomments&post=2"}],"version-history":[{"count":18,"href":"https:\/\/koerner-architekten.de\/index.php?rest_route=\/wp\/v2\/pages\/2\/revisions"}],"predecessor-version":[{"id":2207,"href":"https:\/\/koerner-architekten.de\/index.php?rest_route=\/wp\/v2\/pages\/2\/revisions\/2207"}],"wp:featuredmedia":[{"embeddable":true,"href":"https:\/\/koerner-architekten.de\/index.php?rest_route=\/wp\/v2\/media\/2185"}],"wp:attachment":[{"href":"https:\/\/koerner-architekten.de\/index.php?rest_route=%2Fwp%2Fv2%2Fmedia&parent=2"}],"curies":[{"name":"wp","href":"https:\/\/api.w.org\/{rel}","templated":true}]}}